4 - -21426?
21422
In base 4, what is 1111 - -1?
1112
In base 2, what is -1001011 + -11100110001?
-11101111100
In base 10, what is 3438 + 203?
3641
In base 12, what is 5b325 + 0?
5b325
In base 11, what is 12a8 - -1?
12a9
In base 11, what is 1 + 370450?
370451
In base 14, what is -8c + -9c5?
-a73
In base 5, what is -1030100040 + 10?
-1030100030
In base 3, what is 102220 + 2112112?
2222102
In base 10, what is -11 - -82486?
82475
In base 4, what is 111 - -21030311?
21031022
In base 15, what is -2 + 19e73?
19e71
In base 2, what is 110000000101 - 110?
101111111111
In base 16, what is 5 - 3a4c6?
-3a4c1
In base 6, what is 3 + 425433?
425440
In base 14, what is -9083 + 26?
-905b
In base 9, what is 804 + -200?
604
In base 16, what is 84 + f3?
177
In base 5, what is 12444 + -11034?
1410
In base 12, what is -3175b + 0?
-3175b
In base 4, what is 31110 - -1132?
32302
In base 6, what is 5141 + 320?
5501
In base 14, what is -1 + -553a?
-553b
In base 16, what is -182 + -9?
-18b
In base 4, what is -123133202 + -11?
-123133213
In base 16, what is d7d3 - -1?
d7d4
In base 16, what is 4 - -8159?
815d
In base 10, what is 8424 + 89?
8513
In base 12, what is -1a84 + 100?
-1984
In base 4, what is 3032 - -310021?
313113
In base 8, what is -255176 - 0?
-255176
In base 7, what is -1131241 + -5?
-1131246
In base 15, what is -8774 + 0?
-8774
In base 9, what is 21370 + -157?
21212
In base 7, what is -10 + 1540411?
1540401
In base 5, what is 42 - -1003303?
1003400
In base 8, what is 11065 - 35?
11030
In base 11, what is 148 - -543?
690
In base 15, what is 6da - ca?
610
In base 9, what is 21753 - -33?
21786
In base 14, what is -1c - -3182?
3164
In base 8, what is -5 + 2156006?
2156001
In base 4, what is 33011302 - -1?
33011303
In base 5, what is -1 - -10302232?
10302231
In base 8, what is 1245232 + 14?
1245246
In base 3, what is 10 - 2222220?
-2222210
In base 6, what is -25155 - 1454?
-31053
In base 11, what is 47493 + 2?
47495
In base 12, what is -a6677 + 8?
-a666b
In base 11, what is -83 - -6?
-78
In base 14, what is -13d809 - 0?
-13d809
In base 10, what is -8381 - -2?
-8379
In base 12, what is -156682 - -5?
-156679
In base 10, what is -3 + -2928?
-2931
In base 16, what is -73 - -65?
-e
In base 5, what is 1401 - -1300?
3201
In base 12, what is -28267 - 8?
-28273
In base 6, what is 42415 + -1?
42414
In base 15, what is -5 - -121286?
121281
In base 14, what is b57a - -3?
b57d
In base 10, what is -620 + 12?
-608
In base 13, what is -24 - -2985?
2961
In base 5, what is -10302204 - -10?
-10302144
In base 4, what is -32000032 + -2?
-32000100
In base 10, what is 63220 + -5?
63215
In base 5, what is 1 - 10410?
-10404
In base 12, what is 88 - -b88?
1054
In base 4, what is 122122313 - -3?
122122322
In base 3, what is -122 - 11122221001?
-11122221200
In base 11, what is 200241 - 0?
200241
In base 5, what is -1324342 - 411?
-1330303
In base 13, what is -2 - -4cb7c?
4cb7a
In base 14, what is 2175c + 0?
2175c
In base 14, what is 2 - -5c15d?
5c161
In base 10, what is 302752 + 0?
302752
In base 16, what is -278b4 + -2?
-278b6
In base 13, what is -43 + -1800b?
-18051
In base 16, what is -24 - 276?
-29a
In base 2, what is -111001101110000010 - -10?
-111001101110000000
In base 16, what is -8050 - 3?
-8053
In base 2, what is -11100101100 - -1010?
-11100100010
In base 12, what is -546 - -18b?
-377
In base 11, what is 38 - 104a?
-1012
In base 11, what is -170 - 82?
-242
In base 6, what is -3 + 120515?
120512
In base 6, what is -2351102 - 1?
-2351103
In base 3, what is 20211110 - -112?
20211222
In base 16, what is -10e - 1a?
-128
In base 9, what is 10 - 408782?
-408772
In base 7, what is 2 - -335610?
335612
In base 3, what is 1201 - 2120020201?
-2120012000
In base 4, what is -223033 + 10200?
-212233
In base 15, what is 5dca - 4?
5dc6
In base 8, what is -4266133 + -4?
-4266137
In base 12, what is -7375 - 2?
-7377
In base 13, what is 17 - -31551?
31568
In base 4, what is 1021032 + -102?
1020330
In base 16, what is -26e598 + 1?
-26e597
In base 11, what is 3 + -330a91?
-330a89
In base 6, what is 3 - -4040?
4043
In base 13, what is -21 + -13077?
-13098
In base 4, what is -20 - -1021302?
1021222
In base 4, what is 11 + 20323212?
20323223
In base 14, what is 39cbb - -6?
39cc3
In base 11, what is -9556 - -1?
-9555
In base 10, what is -5774 + 31?
-5743
In base 5, what is 32042 - -1401?
33443
In base 10, what is -45718 - 1?
-45719
In base 5, what is -24 - -120142?
120113
In base 16, what is 1 + 18477d?
18477e
In base 7, what is 3 + 16544?
16550
In base 10, what is 56 - -6137?
6193
In base 11, what is -3954 - -733?
-3221
In base 4, what is -1 - -1233300?
1233233
In base 16, what is 1a99 - 132?
1967
In base 10, what is -834667 + -4?
-834671
In base 6, what is 2 + 2040330?
2040332
In base 6, what is -1 - 1324331?
-1324332
In base 12, what is 8311 - -19?
832a
In base 3, what is -10202022120 + -10?
-10202022200
In base 4, what is 110 + -211?
-101
In base 9, what is -417 + -452?
-870
In base 2, what is 100001 - -11000000101101110?
11000000110001111
In base 13, what is 7 - 749?
-742
In base 8, what is -720006 + -2?
-720010
In base 6, what is 14212543 - -1?
14212544
In base 13, what is 16975 - -3?
16978
In base 14, what is cd + 268?
357
In base 16, what is 13c4 + -d?
13b7
In base 8, what is 500 + 746?
1446
In base 15, what is -246d + -1e?
-248c
In base 3, what is 1 + 1001222?
1002000
In base 14, what is -38 + -868?
-8a2
In base 12, what is 2 - 2a8874?
-2a8872
In base 6, what is -10353 + -51?
-10444
In base 7, what is 425 - 1422?
-664
In base 7, what is -20 + 22564?
22544
In base 10, what is -2 - 5006?
-5008
In base 9, what is -1 - -53687?
53686
In base 8, what is 5 + 160077?
160104
In base 7, what is -112 + -463?
-605
In base 6, what is 25000 + -35?
24521
In base 5, what is -1312 - 410?
-2222
In base 2, what is 1111110000011 + 10?
1111110000101
In base 16, what is 0 - ad02?
-ad02
In base 9, what is 112326 - -5?
112332
In base 3, what is -201202 - -100020?
-101112
In base 12, what is 936a - 4?
9366
In base 9, what is -2714 - -3?
-2711
In base 3, what is 11200 - -1002010?
1020210
In base 8, what is -337247 + -2?
-337251
In base 11, what is -106 - 120?
-226
In base 14, what is 1b - -211c?
2139
In base 11, what is -17 + -6a3?
-70a
In base 5, what is 3 - -43102123?
43102131
In base 5, what is 41424424 + -10?
41424414
In base 12, what is -6534 + 60?
-6494
In base 3, what is -10201221101110 + 1?
-10201221101102
In base 8, what is -2655 + -415?
-3272
In base 2, what is 110101 + -10000111?
-1010010
In base 11, what is -694 + 1?
-693
In base 15, what is c - 11b1?
-11a4
In base 12, what is -181 + 1000?
a3b
In base 12, what is -b37851 + 1?
-b37850
In base 7, what is 6513 - -32?
6545
In base 11, what is -6633a - -a?
-66330
In base 10, what is 5 - -31166?
31171
In base 2, what is -100 + 101001111100001110?
101001111100001010
In base 6, what is 40231000 + 4?
40231004
In base 9, what is -13 + 46065?
46052
In base 6, what is 4 - -1423?
1431
In base 15, what is 10b - -4?
110
In base 11, what is 57 + -2a1?
-245
In base 12, what is -27a - -a19?
75b
In base 13, what is -1104 + 11?
-10c3
In base 12, what is 5 + 921b0b?
921b14
In base 3, what is -2210000 - -210212?
-1222011
In base 6, what is 0 - -120203?
120203
In base 2, what is -1 - -10110001001101?
10110001001100
In base 8, what is -7026 + 1353?
-5453
In base 8, what is -312340 - -5?
-312333
In base 14, what is b1c + -bb8?
-9a
In base 2, what is 101 - 1100100011000?
-1100100010011
In base 12, what is 436 + 2b?
465
In base 16, what is 5fbc - 7?
5fb5
In base 9, what is -12 - 2600?
-2612
In base 10, what is 9283 + 57?
9340
In base 8, what is 1417 + 4?
1423
In base 12, what is 1b57b - 7?
1b574
In base 13, what is -4 - 48b1?
-48b5
In base 14, what is 3a - 516?
-4ba
In base 14, what is -4c - -7518?
74aa
In base 16, what is -56a2 - -35?
-566d
In base 3, what is -12 + -1121001222011?
-1121001222100
In base 14, what is 1 + -b966?
-b965
In base 16, what is -e - -a11f?
a111
In base 15, what is 33 - -32b?
35e
In base 4, what is 121 - 23100113?
-23033332
In base 14, what is 1 - c0a65?
-c0a64
In base 6, what is 0 - -543340?
543340
In base 11, what is -1135 + -3a?
-1174
In base 5, what is 222041 + 104?
222200
In base 16, what is -2 - -248f?
248d
In base 9, what is -12202 - 2?
-12204
In base 15